isor of s and i?
14
Let q be ((-243)/(-4 - -1))/1. What is the highest common factor of q and 9?
9
Let w = -36 - -54. What is the highest common factor of w and 18?
18
Let p = 15 + -8. Let q be p - 3/(-1)*-1. What is the greatest common divisor of q and 20?
4
Let o(m) = -2*m**3 - 7*m**2. Let t(c) = -c**3 + c - 1. Let j(k) = o(k) - t(k). Let a be j(-7). What is the greatest common divisor of 72 and a?
8
Let v = -2 - -7. Let p(t) = 5*t + 8*t + 3 + 0. Let m be p(4). Calculate the highest common divisor of v and m.
5
Let d be (72/42)/(2/7). What is the highest common factor of 9 and d?
3
Let a be ((-14)/(-8))/(11/(-88)). Let p = a - -44. Suppose 0 = 2*g - g - 15. Calculate the greatest common factor of p and g.
15
Suppose q = 3*q - 4*k - 20, 0 = 2*q + 3*k + 15. Let g be (q - (-9)/3) + 11. Calculate the greatest common factor of g and 21.
7
Let y(f) = 4 - 7*f - 2*f + 10*f. Let a be 1 + -2 - (-12)/2. Let u be y(a). Calculate the highest common divisor of u and 99.
9
Let i = 118 - 100. What is the highest common divisor of 72 and i?
18
Let o(v) = v**3 - v**2. Let f be o(5). Let m(p) = -p**3 - 10*p**2 - 13*p - 16. Let k be m(-9). Calculate the highest common factor of k and f.
20
Let c(p) = -3*p**3 - 4*p**2 - 3*p - 2. Let q be c(-2). Let h = -3 + q. Calculate the greatest common factor of 36 and h.
9
Let z be (-40)/(-24) - (-2)/6. Suppose 4*i = 3*v - 392 + 32, z*i = 0. Suppose 3*n = n + v. What is the greatest common factor of n and 12?
12
Suppose -3*m + 72 = -0*m. Let w = m - 9. Calculate the greatest common factor of 6 and w.
3
Let a(d) = -2*d**2 + 2*d + 1. Let s be a(-1). Let g be (17 - -1) + 5 + s. Suppose 4*l - 2*l = g. What is the highest common divisor of l and 50?
10
Let g be (-56)/(-26) - (-4)/(-26). Suppose 0 = 7*k - g*k - 90. What is the highest common divisor of 12 and k?
6
Let d be ((-15)/(-6))/((-5)/(-10)). Suppose 44 = d*i - 11. Calculate the greatest common factor of 11 and i.
11
Let g be (3*(-4)/(-9))/(20/150). Calculate the highest common divisor of 40 and g.
10
Suppose 0*a = -2*a. Suppose a = -5*x + 3*t + 8 + 11, x - 3 = t. What is the greatest common factor of 35 and x?
5
Let b be (-33 + -1)/((-2)/1). Suppose -7 + b = 5*z. Suppose 4*a - 65 = -5*g, -z*g - 5*a = -27 + 1. Calculate the greatest common divisor of 26 and g.
13
Let u be (-18)/8*32/(-12). Let j(m) = 0 - 8 + 0 + 28*m. Let l be j(u). What is the highest common divisor of 20 and l?
20
Suppose 15*m - 9*m = 30. Calculate the highest common factor of m and 55.
5
Let m(w) = w**2 + w - 2. Let i be m(-2). Suppose 0 = 4*y - i*y - 28. Calculate the highest common factor of y and 7.
7
Let z(o) be the first derivative of o**3/3 - 3*o**2 - 4*o - 2. Let g be z(7). What is the greatest common factor of 21 and g?
3
Let h be (-2)/4 + (-18)/(-4). Let b = -4 + h. Let t be -4*(27/(-12) - b). What is the greatest common divisor of t and 9?
9
Let c(g) = -10*g - 17. Let z(v) = -1. Let i(k) = c(k) - 6*z(k). Let u be i(-11). What is the greatest common factor of 9 and u?
9
Suppose 2*a - 200 = -3*a. Let q = 0 + 4. Suppose -2*h - 4*l + a = -16, q*h + 4*l - 92 = 0. What is the greatest common factor of 9 and h?
9
Let p be (4 + (-12)/18)/((-1)/(-3)). What is the greatest common factor of 25 and p?
5
Suppose 0 = 9*v - 4*v - 35. Let y = v + -3. Suppose 0 = 3*b - y*b + 6. What is the greatest common divisor of 6 and b?
6
Let z be (0 + 5/(-5))*-11. What is the highest common divisor of 77 and z?
11
Suppose -2*v + 2*c = 164, 2*c - 323 = 4*v + 3*c. Let t = v + 131. What is the greatest common factor of 10 and t?
10
Let l be (-164)/(-9) + (-4)/18. What is the greatest common factor of l and 54?
18
Let a = 1 - -1. Let r be a/(-6) - (-25)/3. Let o be (-84)/(-35)*70/3. What is the greatest common factor of o and r?
8
Suppose -7*s + 11*s = 144. Calculate the greatest common divisor of 9 and s.
9
Let r(d) = 3*d + 24. Let i be r(6). What is the greatest common factor of i and 7?
7
Suppose 4*o - 5*o + 108 = 0. Let g(c) = 2*c. Let y be g(2). Suppose i = -y + 16. What is the highest common divisor of i and o?
12
Suppose 4*f - 1 = 3*s, -f + 6*s = 3*s + 11. What is the greatest common factor of 28 and f?
4
Suppose 167 = j + 20. Calculate the greatest common divisor of 21 and j.
21
Suppose 2*w - 5 = -4*m + 19, 3*m = 5*w - 8. Calculate the greatest common factor of 16 and w.
4
Suppose -2*h = 4*p - 428, -2*h + 434 = -2*p - 0*p. What is the greatest common divisor of 24 and h?
24
Let h = -32 + 38. Let a be (-4)/(-10) - (-26)/10. Suppose 5*b - a*i - 65 = -h*i, -27 = -2*b - i. What is the highest common divisor of b and 8?
8
Let a(k) = -26*k - 2. Let d be a(-2). Suppose -d = -5*h + 3*h. Suppose i + 3 - 8 = 0. What is the greatest common divisor of h and i?
5
Let a be (36/7)/(1/7). Let b(p) = -4*p. Let i be b(-6). Calculate the greatest common divisor of a and i.
12
Suppose 0 = 5*w + 4*d - 107, 91 = 4*w + 3*d + 2*d. Suppose -w - 35 = h. Let u be (h/15)/(2/(-10)). Calculate the greatest common divisor of u and 45.
9
Suppose 0 = -3*w - 140 - 58. Let y = -9 - w. Calculate the highest common divisor of y and 38.
19
Let k be (3 + 32/(-2))*-1. Let m be 2 - 2 - (-2 + 0). Suppose -c - 5 = 0, 3*n - 449 = 2*c + m*c. What is the greatest common divisor of k and n?
13
Let f be (-1378)/(-12) + 6/36. Calculate the greatest common factor of f and 23.
23
Let o = -50 + 75. Let q(d) = -51*d**3 - d - 2. Let u be q(-1). What is the highest common factor of o and u?
25
Suppose -3*n = 0, -3*h + n - 19 = 38. Let a = h - -33. Let m = -43 + 85. What is the greatest common divisor of a and m?
14
Suppose 2*m = 252 - 44. Calculate the highest common factor of m and 13.
13
Let f = -1 - -5. What is the highest common factor of f and 2?
2
Suppose 5*s = 5*y + 130, -s + 3*s + 4*y - 58 = 0. Let b = -21 - -39. Calculate the greatest common factor of s and b.
9
Let b be 0 - 2*(-3)/3. Let c be 267/12 + 1/(-4). What is the greatest common factor of c and b?
2
Suppose -4*s + 18 = -3*s. Suppose 2*r = -0*r + s. What is the highest common factor of r and 9?
9
Let q be (0 - (-21 - 0)) + 1. Suppose 2*a + 18 = 24. Suppose 4*m - 111 = -3*j, a*j - 114 = m - 18. Calculate the greatest common divisor of j and q.
11
Let x = 156 + -66. Suppose 5*p - 62 = 4*o, 0 = -4*p + 4*o + 49 + 3. Calculate the highest common divisor of p and x.
10
Let j(h) = -h - 2. Let k be j(-2). Suppose k*z = -5*z + 330. Calculate the greatest common divisor of z and 6.
6
Let p be -1*4/(-3)*6. Let g be (144/30)/(3/10). Suppose -p*u + g = -4*u. Calculate the greatest common factor of 16 and u.
4
Let n(f) = 2*f**2 + 7*f + 38. Let w be n(-6). What is the greatest common factor of 17 and w?
17
Suppose n + 18 = 3*k - 2*n, 5*n = 4*k - 24. Let p = 54 + -12. Calculate the greatest common factor of k and p.
6
Let m be (4 + 14)*(-3)/(-2). What is the highest common factor of 216 and m?
27
Let r be 35/2 + (-4)/(-8). What is the greatest common divisor of r and 2?
2
Let l be (2/2)/(1/2). Suppose -l*x - 4*i - 13 = i, -5*i = -x + 1. Let b be (-1 + 22/(-8))*x. What is the highest common divisor of 15 and b?
15
Let x be (-4)/18 - (-11176)/72. What is the greatest common factor of x and 62?
31
Suppose 5*i + 9 = -6. Let f be 4 + -2 + i + 5. Calculate the greatest common divisor of 1 and f.
1
Let i = -28 - -48. Calculate the highest common factor of 10 and i.
10
Let v be (-2)/((-3)/(24/4)). Let t be (v - 1) + 1 + 1. Suppose y - 9 = -j + 3*y, 0 = -2*y - 4. Calculate the greatest common factor of t and j.
5
Let d = -134 + 224. Calculate the greatest common factor of d and 9.
9
Suppose 5*o - 27 = 2*o. What is the highest common factor of o and 21?
3
Let m be ((-4)/(-14))/(1/14). Suppose -3*f + 6*f = -m*o + 258, 0 = 3*o + 9. What is the greatest common factor of f and 10?
10
Let c = -11 + 29. Calculate the highest common divisor of 18 and c.
18
Suppose -4*r = r - 180. Let m(u) = -u**3 + u + 54. Let z = 5 + -5. Let a be m(z). Calculate the greatest common factor of a and r.
18
Suppose 0 = 5*f - n - 117, 3*f = -n + 35 + 32. Calculate the greatest common factor of 23 and f.
23
Suppose 11 + 9 = 2*x. Let z be 8/5 - (-4)/x. Suppose -w - 77 = -z*w. What is the greatest common factor of 11 and w?
11
Let z = 49 - 26. Calculate the highest common factor of 161 and z.
23
Let v(c) = c**2 - 11*c - 8. Let i be v(-12). Let f = -173 + 